{"id":156,"date":"2016-06-13T14:17:20","date_gmt":"2016-06-13T14:17:20","guid":{"rendered":"https:\/\/acaville.com.pe\/?post_type=product&#038;p=156"},"modified":"2024-04-10T21:29:05","modified_gmt":"2024-04-10T21:29:05","slug":"lampante-virgin-olive-oil","status":"publish","type":"product","link":"https:\/\/acaville.com.pe\/index.php\/product\/lampante-virgin-olive-oil\/","title":{"rendered":"Ali\u00f1o Mediterr\u00e1neo"},"content":{"rendered":"<p>Producto que contiene en un mismo envase dos l\u00edquidos de diferente densidad: aceite de oliva extra virgen y vinagre bals\u00e1mico. La proporci\u00f3n y calidad de los mismos ha sido probado y aprobado por los mejores Cheffs, Agitando bien el envase antes de cada uso, se obtiene una mezcla homog\u00e9nea que permite darles un sabor especial a las ensaladas y las comidas. Rico en antioxidantes, potasio, puede regular los niveles de az\u00facar, antiinflamatorio, ayuda a eliminar la retenci\u00f3n de liquidos, es bueno para la digesti\u00f3n, ayuda al organismo a quemar grasa.<\/p>\n<p>Presentaciones:<\/p>\n<ul>\n<li>Botella de 20 mL (Pack de 8 unidades)<\/li>\n<li>Botella de 200 mL<\/li>\n<\/ul>\n","protected":false},"excerpt":{"rendered":"<p>Producto que contiene en un mismo envase dos l\u00edquidos de diferente densidad: aceite de oliva extra virgen y vinagre bals\u00e1mico. La proporci\u00f3n y calidad de los mismos ha sido probado y aprobado por los mejores Cheffs, Agitando bien el envase antes de cada uso, se obtiene una mezcla homog\u00e9nea que permite darles un sabor especial a las ensaladas y las comidas. Rico en antioxidantes, potasio, puede regular los niveles de az\u00facar, antiinflamatorio, ayuda a eliminar la retenci\u00f3n de liquidos, es bueno para la digesti\u00f3n, ayuda al organismo a quemar grasa.<\/p>\n","protected":false},"featured_media":1030,"template":"","meta":[],"class_list":{"0":"post-156","1":"product","2":"type-product","3":"status-publish","4":"has-post-thumbnail","6":"product_cat-new-harvest","7":"product_cat-organic-only","8":"product_tag-harvest","9":"product_tag-pantry","11":"first","12":"instock","13":"shipping-taxable","14":"product-type-simple"},"_links":{"self":[{"href":"https:\/\/acaville.com.pe\/index.php\/wp-json\/wp\/v2\/product\/156"}],"collection":[{"href":"https:\/\/acaville.com.pe\/index.php\/wp-json\/wp\/v2\/product"}],"about":[{"href":"https:\/\/acaville.com.pe\/index.php\/wp-json\/wp\/v2\/types\/product"}],"wp:featuredmedia":[{"embeddable":true,"href":"https:\/\/acaville.com.pe\/index.php\/wp-json\/wp\/v2\/media\/1030"}],"wp:attachment":[{"href":"https:\/\/acaville.com.pe\/index.php\/wp-json\/wp\/v2\/media?parent=156"}],"curies":[{"name":"wp","href":"https:\/\/api.w.org\/{rel}","templated":true}]}}