{"id":186,"date":"2016-06-14T10:59:10","date_gmt":"2016-06-14T10:59:10","guid":{"rendered":"https:\/\/acaville.com.pe\/?page_id=186"},"modified":"2016-07-03T17:32:48","modified_gmt":"2016-07-03T17:32:48","slug":"about-us-style-2","status":"publish","type":"page","link":"https:\/\/acaville.com.pe\/index.php\/about-us-style-2\/","title":{"rendered":"About us style 2"},"content":{"rendered":"<p>[vc_row full_width=\u00bbstretch_row\u00bb css=\u00bb.vc_custom_1467376872141{background-color: #f9f7f2 !important;}\u00bb][vc_column]<div class=\"sc_section margin_top_huge margin_bottom_medium\"><div class=\"sc_section_inner\"><div class=\"sc_section_content_wrap\">[vc_empty_space height=\u00bb1.5em\u00bb]<h2 class=\"sc_title sc_title_iconed sc_align_center margin_top_tiny\" style=\"text-align:center;\"><span class=\"sc_title_icon sc_title_icon_top  sc_title_icon_large\"><img decoding=\"async\" src=\"https:\/\/acaville.com.pe\/wp-content\/uploads\/2016\/06\/title_img.png\" alt=\"\" \/><\/span>Hello<\/h2>[vc_empty_space height=\u00bb0.5em\u00bb]<div id=\"sc_services_1024086486_wrap\" class=\"sc_services_wrap\"><div id=\"sc_services_1024086486\" class=\"sc_services sc_services_style_services-1 sc_services_type_icons \" style=\"width:100%;\"><div class=\"sc_columns columns_wrap\"><div class=\"column-1_4 column_padding_bottom\">\t\t\t<div id=\"sc_services_1024086486_1\"\t\t\t\tclass=\"sc_services_item sc_services_item_1 odd first\"\n\t\t\t\t>\n\t\t\t\t<a href=\"https:\/\/acaville.com.pe\/index.php\/services\/gourmet-flavour\/\"><span class=\"sc_icon icon-3\"><\/span><\/a>\t\t\t\t<div class=\"sc_services_item_content\">\n\t\t\t\t\t<h4 class=\"sc_services_item_title\"><a href=\"https:\/\/acaville.com.pe\/index.php\/services\/gourmet-flavour\/\">Calidad Gourmet<\/a><\/h4>\n\t\t\t\t\t<div class=\"sc_services_item_description\">\n\t\t\t\t\t\t<p>Nos enfocamos en proporcionar a nuestros clientes solo los productos m\u00e1s frescos.<\/p>\t\t\t\t\t<\/div>\n\t\t\t\t<\/div>\n\t\t\t<\/div>\n\t\t<\/div><div class=\"column-1_4 column_padding_bottom\">\t\t\t<div id=\"sc_services_1024086486_2\"\t\t\t\tclass=\"sc_services_item sc_services_item_2 even\"\n\t\t\t\t>\n\t\t\t\t<a href=\"https:\/\/acaville.com.pe\/index.php\/services\/special-oils\/\"><span class=\"sc_icon icon-4\"><\/span><\/a>\t\t\t\t<div class=\"sc_services_item_content\">\n\t\t\t\t\t<h4 class=\"sc_services_item_title\"><a href=\"https:\/\/acaville.com.pe\/index.php\/services\/special-oils\/\">\u00danico y Natural<\/a><\/h4>\n\t\t\t\t\t<div class=\"sc_services_item_description\">\n\t\t\t\t\t\t<p>El sabor, el aroma y los ingredientes naturales de nuestros productos son genuinos.<\/p>\t\t\t\t\t<\/div>\n\t\t\t\t<\/div>\n\t\t\t<\/div>\n\t\t<\/div><div class=\"column-1_4 column_padding_bottom\">\t\t\t<div id=\"sc_services_1024086486_3\"\t\t\t\tclass=\"sc_services_item sc_services_item_3 odd\"\n\t\t\t\t>\n\t\t\t\t<a href=\"https:\/\/acaville.com.pe\/index.php\/services\/health-benefits\/\"><span class=\"sc_icon icon-5\"><\/span><\/a>\t\t\t\t<div class=\"sc_services_item_content\">\n\t\t\t\t\t<h4 class=\"sc_services_item_title\"><a href=\"https:\/\/acaville.com.pe\/index.php\/services\/health-benefits\/\">S\u00faper Saludable<\/a><\/h4>\n\t\t\t\t\t<div class=\"sc_services_item_description\">\n\t\t\t\t\t\t<p>Los productos naturales son beneficiosos para vivir de manera saludable.<\/p>\t\t\t\t\t<\/div>\n\t\t\t\t<\/div>\n\t\t\t<\/div>\n\t\t<\/div><div class=\"column-1_4 column_padding_bottom\">\t\t\t<div id=\"sc_services_1024086486_4\"\t\t\t\tclass=\"sc_services_item sc_services_item_4 even\"\n\t\t\t\t>\n\t\t\t\t<a href=\"https:\/\/acaville.com.pe\/index.php\/services\/extraordinary-taste\/\"><span class=\"sc_icon icon-6\"><\/span><\/a>\t\t\t\t<div class=\"sc_services_item_content\">\n\t\t\t\t\t<h4 class=\"sc_services_item_title\"><a href=\"https:\/\/acaville.com.pe\/index.php\/services\/extraordinary-taste\/\">Extraordinario Sabor<\/a><\/h4>\n\t\t\t\t\t<div class=\"sc_services_item_description\">\n\t\t\t\t\t\t<p>Producimos todos los d\u00edas el extraordinario aceite de oliva org\u00e1nico reci\u00e9n prensado.<\/p>\t\t\t\t\t<\/div>\n\t\t\t\t<\/div>\n\t\t\t<\/div>\n\t\t<\/div><\/div><\/div><!-- \/.sc_services --><\/div><!-- \/.sc_services_wrap --><\/div><\/div><\/div>[\/vc_column][\/vc_row][vc_row full_width=\u00bbstretch_row\u00bb inverse=\u00bb\u00bb][vc_column]<div class=\"sc_section slider_section margin_top_huge\"><div class=\"sc_section_inner\"><div class=\"sc_section_content_wrap\">[vc_empty_space height=\u00bb1.5em\u00bb]<h2 class=\"sc_title sc_title_iconed sc_align_center margin_top_tiny\" style=\"text-align:center;\"><span class=\"sc_title_icon sc_title_icon_top  sc_title_icon_large\"><img decoding=\"async\" src=\"https:\/\/acaville.com.pe\/wp-content\/uploads\/2016\/06\/title_img.png\" alt=\"\" \/><\/span>Our Range<\/h2>[vc_empty_space height=\u00bb0.5em\u00bb]<div class=\"columns_wrap sc_columns columns_nofluid no_margins sc_columns_count_3\"><div class=\"column-2_3 sc_column_item sc_column_item_1 odd first span_2\"><div class=\"cq-coverslider  navigation-float-left tinyshadow customized navigation-isfloat\" data-imagemaxheight=\"300\" data-buttonbackground=\"#ffcf00\" data-buttonhoverbackground=\"rgba(55,62,68,0.3)\" data-contentbackground=\"\" data-contentcolor=\"#586067\" data-arrowcolor=\"#586067\" data-arrowhovercolor=\"#586067\" data-delaytime=\"no\"><div class=\"cq-coverslider-navigation btn-large\"><div class=\"coverslider-navigation-prev\"><i class=\"cq-coverslider-icon entypo-icon entypo-icon-left-open-big\"><\/i><\/div><div class=\"coverslider-navigation-next\"><i class=\"cq-coverslider-icon entypo-icon entypo-icon-right-open-big\"><\/i><\/div><\/div><div class=\"cq-coverslider-area btn-large square\"><div class=\"cq-coverslider-cover\"><div class=\"cq-coverslider-itemcontainer\"><div class=\"cq-coverslider-imageitem\"><img decoding=\"async\" src=\"https:\/\/acaville.com.pe\/wp-content\/uploads\/2016\/06\/slide_bg_1.jpg\" class=\"cq-coverslider-image\" alt=\"\"><\/div><div class=\"cq-coverslider-imageitem\"><img decoding=\"async\" src=\"https:\/\/acaville.com.pe\/wp-content\/uploads\/2016\/06\/slide_bg_2.jpg\" class=\"cq-coverslider-image\" alt=\"\"><\/div><\/div><\/div><div class=\"cq-coverslider-content\"><div class=\"cq-coverslider-contentitem\"><\/div><div class=\"cq-coverslider-contentitem\"><\/div><\/div><\/div><\/div><\/div><div class=\"column-1_3 sc_column_item sc_column_item_3 odd after_span_2\"><div class=\"sc_column_item_inner\" style=\"background-image:url(https:\/\/acaville.com.pe\/wp-content\/uploads\/2016\/06\/background-4.jpg);background-repeat:no-repeat;background-size:cover;\"><div class=\"sc_section sc_section_block margin_bottom_large aligncenter\"><div class=\"sc_section_inner\"><div class=\"sc_section_content_wrap\"><figure class=\"sc_image  sc_image_shape_square margin_top_small margin_bottom_null\"><img decoding=\"async\" src=\"http:\/\/194\" alt=\"\" \/><\/figure>[vc_empty_space height=\u00bb3.45em\u00bb el_class=\u00bbslider_es\u00bb]<h4 class=\"sc_title sc_title_regular sc_align_center margin_top_null margin_bottom_small\" style=\"text-align:center;\">Choose From Our Superb Range of Quality Oils, From Extra Virgin to Infused Oils!<\/h4><\/div><\/div><\/div><\/div><\/div><\/div><\/div><\/div><\/div>[\/vc_column][\/vc_row][vc_row css=\u00bb.vc_custom_1467198478634{padding-top: 1.1em !important;}\u00bb][vc_column]<div class=\"sc_section margin_top_large\"><div class=\"sc_section_inner\"><div class=\"sc_section_content_wrap\"><div id=\"sc_services_632798649_wrap\" class=\"sc_services_wrap\"><div id=\"sc_services_632798649\" class=\"sc_services sc_services_style_services-2 sc_services_type_icons  margin_top_medium margin_bottom_medium\" style=\"width:100%;\"><div class=\"sc_columns columns_wrap\"><div class=\"column-1_3 column_padding_bottom\">\t\t\t<div id=\"sc_services_632798649_1\"\t\t\t\tclass=\"sc_services_item sc_services_item_1 odd first\"\n\t\t\t\t>\n\t\t\t\t<a href=\"https:\/\/acaville.com.pe\/index.php\/services\/extra-virgen\/\"><span class=\"sc_icon icon-8\"><\/span><\/a>\t\t\t\t<div class=\"sc_services_item_content\">\n\t\t\t\t\t<h4 class=\"sc_services_item_title\"><a href=\"https:\/\/acaville.com.pe\/index.php\/services\/extra-virgen\/\">Extra Virgen<\/a><\/h4>\n\t\t\t\t\t<div class=\"sc_services_item_description\">\n\t\t\t\t\t\t<p>El aceite de oliva proviene \u00fanicamente de la producci\u00f3n de aceite no adulterado y es de mayor calidad.<\/p>\t\t\t\t\t<\/div>\n\t\t\t\t<\/div>\n\t\t\t<\/div>\n\t\t<\/div><div class=\"column-1_3 column_padding_bottom\">\t\t\t<div id=\"sc_services_632798649_2\"\t\t\t\tclass=\"sc_services_item sc_services_item_2 even\"\n\t\t\t\t>\n\t\t\t\t<a href=\"https:\/\/acaville.com.pe\/index.php\/services\/cosechas-premium\/\"><span class=\"sc_icon icon-9\"><\/span><\/a>\t\t\t\t<div class=\"sc_services_item_content\">\n\t\t\t\t\t<h4 class=\"sc_services_item_title\"><a href=\"https:\/\/acaville.com.pe\/index.php\/services\/cosechas-premium\/\">Cosechas Premium<\/a><\/h4>\n\t\t\t\t\t<div class=\"sc_services_item_description\">\n\t\t\t\t\t\t<p>Nos dedicamos a proporcionarle aceites, vinagres, b\u00e1lsamos  y frutos envasados de alta calidad.<\/p>\t\t\t\t\t<\/div>\n\t\t\t\t<\/div>\n\t\t\t<\/div>\n\t\t<\/div><div class=\"column-1_3 column_padding_bottom\">\t\t\t<div id=\"sc_services_632798649_3\"\t\t\t\tclass=\"sc_services_item sc_services_item_3 odd\"\n\t\t\t\t>\n\t\t\t\t<a href=\"https:\/\/acaville.com.pe\/index.php\/services\/sabores-originales\/\"><span class=\"sc_icon icon-4\"><\/span><\/a>\t\t\t\t<div class=\"sc_services_item_content\">\n\t\t\t\t\t<h4 class=\"sc_services_item_title\"><a href=\"https:\/\/acaville.com.pe\/index.php\/services\/sabores-originales\/\">Sabores Originales<\/a><\/h4>\n\t\t\t\t\t<div class=\"sc_services_item_description\">\n\t\t\t\t\t\t<p>El sabor, el aroma y los ingredientes naturales de los aceites de oliva se mantienen inalterados.<\/p>\t\t\t\t\t<\/div>\n\t\t\t\t<\/div>\n\t\t\t<\/div>\n\t\t<\/div><div class=\"column-1_3 column_padding_bottom\">\t\t\t<div id=\"sc_services_632798649_4\"\t\t\t\tclass=\"sc_services_item sc_services_item_4 even\"\n\t\t\t\t>\n\t\t\t\t<a href=\"https:\/\/acaville.com.pe\/index.php\/services\/una-mezcla-delicada\/\"><span class=\"sc_icon icon-10\"><\/span><\/a>\t\t\t\t<div class=\"sc_services_item_content\">\n\t\t\t\t\t<h4 class=\"sc_services_item_title\"><a href=\"https:\/\/acaville.com.pe\/index.php\/services\/una-mezcla-delicada\/\">Una Mezcla Delicada<\/a><\/h4>\n\t\t\t\t\t<div class=\"sc_services_item_description\">\n\t\t\t\t\t\t<p>Se requiere una operaci\u00f3n delicada para garantizar que nuestro aceite de oliva tenga el balance perfecto<\/p>\t\t\t\t\t<\/div>\n\t\t\t\t<\/div>\n\t\t\t<\/div>\n\t\t<\/div><div class=\"column-1_3 column_padding_bottom\">\t\t\t<div id=\"sc_services_632798649_5\"\t\t\t\tclass=\"sc_services_item sc_services_item_5 odd\"\n\t\t\t\t>\n\t\t\t\t<a href=\"https:\/\/acaville.com.pe\/index.php\/services\/alta-calidad\/\"><span class=\"sc_icon icon-10\"><\/span><\/a>\t\t\t\t<div class=\"sc_services_item_content\">\n\t\t\t\t\t<h4 class=\"sc_services_item_title\"><a href=\"https:\/\/acaville.com.pe\/index.php\/services\/alta-calidad\/\">Alta Calidad<\/a><\/h4>\n\t\t\t\t\t<div class=\"sc_services_item_description\">\n\t\t\t\t\t\t<p>Un aceite de oliva virgen extra de alta calidad es perfecto como condimento para pescado, carne y verduras.<\/p>\t\t\t\t\t<\/div>\n\t\t\t\t<\/div>\n\t\t\t<\/div>\n\t\t<\/div><div class=\"column-1_3 column_padding_bottom\">\t\t\t<div id=\"sc_services_632798649_6\"\t\t\t\tclass=\"sc_services_item sc_services_item_6 even\"\n\t\t\t\t>\n\t\t\t\t<a href=\"https:\/\/acaville.com.pe\/index.php\/services\/organic-only\/\"><span class=\"sc_icon icon-12\"><\/span><\/a>\t\t\t\t<div class=\"sc_services_item_content\">\n\t\t\t\t\t<h4 class=\"sc_services_item_title\"><a href=\"https:\/\/acaville.com.pe\/index.php\/services\/organic-only\/\">Solo Org\u00e1nico<\/a><\/h4>\n\t\t\t\t\t<div class=\"sc_services_item_description\">\n\t\t\t\t\t\t<p>Producimos aceite de oliva org\u00e1nico de alta calidad porque solo utilizamos productos ecol\u00f3gicos.<\/p>\t\t\t\t\t<\/div>\n\t\t\t\t<\/div>\n\t\t\t<\/div>\n\t\t<\/div><\/div><\/div><!-- \/.sc_services --><\/div><!-- \/.sc_services_wrap --><\/div><\/div><\/div>[\/vc_column][\/vc_row][vc_row css=\u00bb.vc_custom_1467123705080{padding-bottom: 0.3em !important;}\u00bb][vc_column]<div class=\"sc_section margin_top_medium margin_bottom_large\"><div class=\"sc_section_inner\"><div class=\"sc_section_content_wrap\">[vc_empty_space height=\u00bb1.6em\u00bb]<h2 class=\"sc_title sc_title_iconed sc_align_center margin_top_small\" style=\"text-align:center;\"><span class=\"sc_title_icon sc_title_icon_top  sc_title_icon_large\"><img decoding=\"async\" src=\"https:\/\/acaville.com.pe\/wp-content\/uploads\/2016\/06\/title_img.png\" alt=\"\" \/><\/span>Our Team<\/h2>[vc_empty_space height=\u00bb0.5em\u00bb]<div id=\"sc_team_824327241_wrap\" class=\"sc_team_wrap\"><div id=\"sc_team_824327241\" class=\"sc_team sc_team_style_team-1 \" style=\"width:100%;\"><div class=\"sc_columns columns_wrap\"><div class=\"column-1_4 column_padding_bottom\">\t\t\t<div id=\"sc_team_824327241_1\"\t\t\t\tclass=\"sc_team_item sc_team_item_1 odd first\"\n\t\t\t\t>\n\t\t\t\t<div class=\"sc_team_item_avatar\"><\/div>\n\t\t\t\t<div class=\"sc_team_item_info\">\n\t\t\t\t\t<h5 class=\"sc_team_item_title\"><a href=\"https:\/\/acaville.com.pe\/index.php\/team\/nathan-smith\/\">Nathan Smith<\/a><\/h5>\n\t\t\t\t\t<div class=\"sc_team_item_position\">A grower<\/div>\n\t\t\t\t\t<div class=\"sc_socials sc_socials_type_icons sc_socials_shape_round sc_socials_size_tiny\"><div class=\"sc_socials_item\"><a href=\"https:\/\/twitter.com\/ancora_themes\" target=\"_blank\" class=\"social_icons social_twitter\"><span class=\"icon-twitter\"><\/span><\/a><\/div><div class=\"sc_socials_item\"><a href=\"https:\/\/www.facebook.com\/AncoraThemes\/\" target=\"_blank\" class=\"social_icons social_facebook\"><span class=\"icon-facebook\"><\/span><\/a><\/div><div class=\"sc_socials_item\"><a href=\"#\" target=\"_blank\" class=\"social_icons social_gplus\"><span class=\"icon-gplus\"><\/span><\/a><\/div><\/div>\t\t\t\t<\/div>\n\t\t\t<\/div>\n\t\t<\/div><div class=\"column-1_4 column_padding_bottom\">\t\t\t<div id=\"sc_team_824327241_2\"\t\t\t\tclass=\"sc_team_item sc_team_item_2 even\"\n\t\t\t\t>\n\t\t\t\t<div class=\"sc_team_item_avatar\"><img loading=\"lazy\" decoding=\"async\" class=\"wp-post-image\" width=\"360\" height=\"360\" alt=\"Laura Palmer\" src=\"https:\/\/acaville.com.pe\/wp-content\/uploads\/2016\/06\/new_team_3-360x360.jpg\"><\/div>\n\t\t\t\t<div class=\"sc_team_item_info\">\n\t\t\t\t\t<h5 class=\"sc_team_item_title\"><a href=\"https:\/\/acaville.com.pe\/index.php\/team\/laura-palmer\/\">Laura Palmer<\/a><\/h5>\n\t\t\t\t\t<div class=\"sc_team_item_position\">A grower<\/div>\n\t\t\t\t\t<div class=\"sc_socials sc_socials_type_icons sc_socials_shape_round sc_socials_size_tiny\"><div class=\"sc_socials_item\"><a href=\"#\" target=\"_blank\" class=\"social_icons social_twitter\"><span class=\"icon-twitter\"><\/span><\/a><\/div><div class=\"sc_socials_item\"><a href=\"#\" target=\"_blank\" class=\"social_icons social_facebook\"><span class=\"icon-facebook\"><\/span><\/a><\/div><div class=\"sc_socials_item\"><a href=\"#\" target=\"_blank\" class=\"social_icons social_gplus\"><span class=\"icon-gplus\"><\/span><\/a><\/div><\/div>\t\t\t\t<\/div>\n\t\t\t<\/div>\n\t\t<\/div><div class=\"column-1_4 column_padding_bottom\">\t\t\t<div id=\"sc_team_824327241_3\"\t\t\t\tclass=\"sc_team_item sc_team_item_3 odd\"\n\t\t\t\t>\n\t\t\t\t<div class=\"sc_team_item_avatar\"><img loading=\"lazy\" decoding=\"async\" class=\"wp-post-image\" width=\"360\" height=\"360\" alt=\"Joe Carter\" src=\"https:\/\/acaville.com.pe\/wp-content\/uploads\/2016\/06\/new_team_4-360x360.jpg\"><\/div>\n\t\t\t\t<div class=\"sc_team_item_info\">\n\t\t\t\t\t<h5 class=\"sc_team_item_title\"><a href=\"https:\/\/acaville.com.pe\/index.php\/team\/joe-carter\/\">Joe Carter<\/a><\/h5>\n\t\t\t\t\t<div class=\"sc_team_item_position\">A grower<\/div>\n\t\t\t\t\t<div class=\"sc_socials sc_socials_type_icons sc_socials_shape_round sc_socials_size_tiny\"><div class=\"sc_socials_item\"><a href=\"https:\/\/twitter.com\/ancora_themes\" target=\"_blank\" class=\"social_icons social_twitter\"><span class=\"icon-twitter\"><\/span><\/a><\/div><div class=\"sc_socials_item\"><a href=\"https:\/\/www.facebook.com\/AncoraThemes\/\" target=\"_blank\" class=\"social_icons social_facebook\"><span class=\"icon-facebook\"><\/span><\/a><\/div><div class=\"sc_socials_item\"><a href=\"#\" target=\"_blank\" class=\"social_icons social_gplus\"><span class=\"icon-gplus\"><\/span><\/a><\/div><\/div>\t\t\t\t<\/div>\n\t\t\t<\/div>\n\t\t<\/div><div class=\"column-1_4 column_padding_bottom\">\t\t\t<div id=\"sc_team_824327241_4\"\t\t\t\tclass=\"sc_team_item sc_team_item_4 even\"\n\t\t\t\t>\n\t\t\t\t<div class=\"sc_team_item_avatar\"><img loading=\"lazy\" decoding=\"async\" class=\"wp-post-image\" width=\"360\" height=\"360\" alt=\"Melissa Cox\" src=\"https:\/\/acaville.com.pe\/wp-content\/uploads\/2016\/06\/new_team_1-360x360.jpg\"><\/div>\n\t\t\t\t<div class=\"sc_team_item_info\">\n\t\t\t\t\t<h5 class=\"sc_team_item_title\"><a href=\"https:\/\/acaville.com.pe\/index.php\/team\/melissa-cox\/\">Melissa Cox<\/a><\/h5>\n\t\t\t\t\t<div class=\"sc_team_item_position\">A grower<\/div>\n\t\t\t\t\t<div class=\"sc_socials sc_socials_type_icons sc_socials_shape_round sc_socials_size_tiny\"><div class=\"sc_socials_item\"><a href=\"https:\/\/twitter.com\/ancora_themes\" target=\"_blank\" class=\"social_icons social_twitter\"><span class=\"icon-twitter\"><\/span><\/a><\/div><div class=\"sc_socials_item\"><a href=\"https:\/\/www.facebook.com\/AncoraThemes\/\" target=\"_blank\" class=\"social_icons social_facebook\"><span class=\"icon-facebook\"><\/span><\/a><\/div><div class=\"sc_socials_item\"><a href=\"#\" target=\"_blank\" class=\"social_icons social_gplus\"><span class=\"icon-gplus\"><\/span><\/a><\/div><\/div>\t\t\t\t<\/div>\n\t\t\t<\/div>\n\t\t<\/div><\/div><\/div><!-- \/.sc_team --><\/div><!-- \/.sc_team_wrap --><\/div><\/div><\/div>[\/vc_column][\/vc_row][vc_row full_width=\u00bbstretch_row\u00bb css=\u00bb.vc_custom_1467285297052{padding-bottom: 0.9em !important;background-color: #42494e !important;}\u00bb][vc_column]<div class=\"sc_section margin_top_medium margin_bottom_medium\"><div class=\"sc_section_inner\"><div class=\"sc_section_content_wrap\">[vc_empty_space height=\u00bb1em\u00bb]<h2 class=\"sc_title sc_title_iconed sc_align_center margin_top_small\" style=\"text-align:center;color:#e9e4d0;\"><span class=\"sc_title_icon sc_title_icon_top  sc_title_icon_large\"><img decoding=\"async\" src=\"https:\/\/acaville.com.pe\/wp-content\/uploads\/2016\/06\/title_img.png\" alt=\"\" \/><\/span>Awards<\/h2><div id=\"sc_clients_1261870068_wrap\" class=\"sc_clients_wrap\"><div id=\"sc_clients_1261870068\" class=\"sc_clients sc_clients_style_clients-1  margin_top_null\" style=\"width:100%;\"><div class=\"sc_slider_swiper swiper-slider-container sc_slider_nopagination sc_slider_nocontrols\" data-interval=\"6703\" data-slides-per-view=\"6\" data-slides-min-width=\"100\"><div class=\"slides swiper-wrapper\"><div class=\"swiper-slide\" data-style=\"width:100%;\" style=\"width:100%;\">\t\t\t<div id=\"sc_clients_1261870068_1\" class=\"sc_clients_item sc_clients_item_1 odd first\">\n\t\t\t\t\t\t\t\t<div class=\"sc_client_image\"><img decoding=\"async\" class=\"wp-post-image\" alt=\"Client 6\" src=\"https:\/\/acaville.com.pe\/wp-content\/uploads\/2016\/06\/client-6.png\"><\/div>\n\t\t\t\t\t\t\t<\/div>\n\t\t<\/div><div class=\"swiper-slide\" data-style=\"width:100%;\" style=\"width:100%;\">\t\t\t<div id=\"sc_clients_1261870068_2\" class=\"sc_clients_item sc_clients_item_2 even\">\n\t\t\t\t\t\t\t\t<div class=\"sc_client_image\"><img decoding=\"async\" class=\"wp-post-image\" alt=\"Client 5\" src=\"https:\/\/acaville.com.pe\/wp-content\/uploads\/2016\/06\/client-5.png\"><\/div>\n\t\t\t\t\t\t\t<\/div>\n\t\t<\/div><div class=\"swiper-slide\" data-style=\"width:100%;\" style=\"width:100%;\">\t\t\t<div id=\"sc_clients_1261870068_3\" class=\"sc_clients_item sc_clients_item_3 odd\">\n\t\t\t\t\t\t\t\t<div class=\"sc_client_image\"><img decoding=\"async\" class=\"wp-post-image\" alt=\"Client 4\" src=\"https:\/\/acaville.com.pe\/wp-content\/uploads\/2016\/06\/client-4.png\"><\/div>\n\t\t\t\t\t\t\t<\/div>\n\t\t<\/div><div class=\"swiper-slide\" data-style=\"width:100%;\" style=\"width:100%;\">\t\t\t<div id=\"sc_clients_1261870068_4\" class=\"sc_clients_item sc_clients_item_4 even\">\n\t\t\t\t\t\t\t\t<div class=\"sc_client_image\"><img decoding=\"async\" class=\"wp-post-image\" alt=\"Client 3\" src=\"https:\/\/acaville.com.pe\/wp-content\/uploads\/2016\/06\/client-2.png\"><\/div>\n\t\t\t\t\t\t\t<\/div>\n\t\t<\/div><div class=\"swiper-slide\" data-style=\"width:100%;\" style=\"width:100%;\">\t\t\t<div id=\"sc_clients_1261870068_5\" class=\"sc_clients_item sc_clients_item_5 odd\">\n\t\t\t\t\t\t\t\t<div class=\"sc_client_image\"><img decoding=\"async\" class=\"wp-post-image\" alt=\"Client 2\" src=\"https:\/\/acaville.com.pe\/wp-content\/uploads\/2016\/06\/client-1.png\"><\/div>\n\t\t\t\t\t\t\t<\/div>\n\t\t<\/div><div class=\"swiper-slide\" data-style=\"width:100%;\" style=\"width:100%;\">\t\t\t<div id=\"sc_clients_1261870068_6\" class=\"sc_clients_item sc_clients_item_6 even\">\n\t\t\t\t\t\t\t<\/div>\n\t\t<\/div><\/div><div class=\"sc_slider_controls_wrap\"><a class=\"sc_slider_prev\" href=\"#\"><\/a><a class=\"sc_slider_next\" href=\"#\"><\/a><\/div><div class=\"sc_slider_pagination_wrap\"><\/div><\/div><\/div><!-- \/.sc_clients --><\/div><!-- \/.sc_clients_wrap --><\/div><\/div><\/div>[\/vc_column][\/vc_row]<\/p>\n","protected":false},"excerpt":{"rendered":"<p>[vc_row full_width=\u00bbstretch_row\u00bb css=\u00bb.vc_custom_1467376872141{background-color: #f9f7f2 !important;}\u00bb][vc_column][\/vc_column][\/vc_row][vc_row full_width=\u00bbstretch_row\u00bb inverse=\u00bb\u00bb][vc_column][\/vc_column][\/vc_row][vc_row css=\u00bb.vc_custom_1467198478634{padding-top: 1.1em !important;}\u00bb][vc_column][\/vc_column][\/vc_row][vc_row css=\u00bb.vc_custom_1467123705080{padding-bottom: 0.3em !important;}\u00bb][vc_column][\/vc_column][\/vc_row][vc_row full_width=\u00bbstretch_row\u00bb css=\u00bb.vc_custom_1467285297052{padding-bottom: 0.9em !important;background-color: #42494e !important;}\u00bb][vc_column][\/vc_column][\/vc_row]<\/p>\n","protected":false},"author":1,"featured_media":0,"parent":0,"menu_order":0,"comment_status":"closed","ping_status":"closed","template":"","meta":{"footnotes":""},"class_list":["post-186","page","type-page","status-publish","hentry"],"_links":{"self":[{"href":"https:\/\/acaville.com.pe\/index.php\/wp-json\/wp\/v2\/pages\/186"}],"collection":[{"href":"https:\/\/acaville.com.pe\/index.php\/wp-json\/wp\/v2\/pages"}],"about":[{"href":"https:\/\/acaville.com.pe\/index.php\/wp-json\/wp\/v2\/types\/page"}],"author":[{"embeddable":true,"href":"https:\/\/acaville.com.pe\/index.php\/wp-json\/wp\/v2\/users\/1"}],"replies":[{"embeddable":true,"href":"https:\/\/acaville.com.pe\/index.php\/wp-json\/wp\/v2\/comments?post=186"}],"version-history":[{"count":0,"href":"https:\/\/acaville.com.pe\/index.php\/wp-json\/wp\/v2\/pages\/186\/revisions"}],"wp:attachment":[{"href":"https:\/\/acaville.com.pe\/index.php\/wp-json\/wp\/v2\/media?parent=186"}],"curies":[{"name":"wp","href":"https:\/\/api.w.org\/{rel}","templated":true}]}}